{"id":67,"date":"2025-11-19T05:23:04","date_gmt":"2025-11-19T05:23:04","guid":{"rendered":"https:\/\/novosite.aralco.com.br\/?page_id=67"},"modified":"2026-02-09T04:43:16","modified_gmt":"2026-02-09T07:43:16","slug":"materia-prima","status":"publish","type":"page","link":"https:\/\/novosite.aralco.com.br\/?page_id=67","title":{"rendered":"Mat\u00e9ria prima"},"content":{"rendered":"\t\t<div data-elementor-type=\"wp-page\" data-elementor-id=\"67\" class=\"elementor elementor-67\">\n\t\t\t\t<div class=\"elementor-element elementor-element-775efc040 e-flex e-con-boxed wpr-particle-no wpr-jarallax-no wpr-parallax-no wpr-sticky-section-no e-con e-parent\" data-id=\"775efc040\" data-element_type=\"container\" data-settings=\"{&quot;background_background&quot;:&quot;classic&quot;}\">\n\t\t\t\t\t<div class=\"e-con-inner\">\n\t\t\t\t<div class=\"elementor-element elementor-element-6795187d elementor-widget elementor-widget-heading\" data-id=\"6795187d\" data-element_type=\"widget\" data-widget_type=\"heading.default\">\n\t\t\t\t<div class=\"elementor-widget-container\">\n\t\t\t\t\t<h2 class=\"elementor-heading-title elementor-size-default\">Produ\u00e7\u00e3o respons\u00e1vel desde a mat\u00e9ria-prima<\/h2>\t\t\t\t<\/div>\n\t\t\t\t<\/div>\n\t\t\t\t\t<\/div>\n\t\t\t\t<\/div>\n\t\t<div class=\"elementor-element elementor-element-65f1d3be e-flex e-con-boxed wpr-particle-no wpr-jarallax-no wpr-parallax-no wpr-sticky-section-no e-con e-parent\" data-id=\"65f1d3be\" data-element_type=\"container\">\n\t\t\t\t\t<div class=\"e-con-inner\">\n\t\t\t\t<div class=\"elementor-element elementor-element-6106bf1e elementor-widget elementor-widget-heading\" data-id=\"6106bf1e\" data-element_type=\"widget\" data-widget_type=\"heading.default\">\n\t\t\t\t<div class=\"elementor-widget-container\">\n\t\t\t\t\t<h2 class=\"elementor-heading-title elementor-size-default\">Da colheita \u00e0 industrializa\u00e7\u00e3o<\/h2>\t\t\t\t<\/div>\n\t\t\t\t<\/div>\n\t\t<div class=\"elementor-element elementor-element-229cdde2 e-flex e-con-boxed wpr-particle-no wpr-jarallax-no wpr-parallax-no wpr-sticky-section-no e-con e-child\" data-id=\"229cdde2\" data-element_type=\"container\">\n\t\t\t\t\t<div class=\"e-con-inner\">\n\t\t\t\t<div class=\"elementor-element elementor-element-505d2d15 elementor-widget elementor-widget-text-editor\" data-id=\"505d2d15\" data-element_type=\"widget\" data-widget_type=\"text-editor.default\">\n\t\t\t\t<div class=\"elementor-widget-container\">\n\t\t\t\t\t\t\t\t\t<p>No Grupo Aralco, a produ\u00e7\u00e3o de cana-de-a\u00e7\u00facar e a valoriza\u00e7\u00e3o do baga\u00e7o n\u00e3o s\u00e3o apenas opera\u00e7\u00f5es agr\u00edcolas \u2014 s\u00e3o a base estrat\u00e9gica de nosso neg\u00f3cio.<br \/>Da colheita \u00e0 industrializa\u00e7\u00e3o, passando pela transforma\u00e7\u00e3o da biomassa em energia renov\u00e1vel, geramos valor para toda a cadeia produtiva. Nossa gest\u00e3o integra tecnologia de ponta, pr\u00e1ticas sustent\u00e1veis e parcerias s\u00f3lidas para garantir mat\u00e9ria-prima de alta qualidade, seguran\u00e7a no fornecimento e m\u00e1xima efici\u00eancia operacional.<\/p><p>Mais do que produzir, transformamos: a cana \u00e9 fonte de a\u00e7\u00facar, etanol e energia; o baga\u00e7o, um subproduto que refor\u00e7a nossa competitividade e compromisso com a bioeconomia. Guiados por essa vis\u00e3o, refor\u00e7amos o diferencial Aralco em um mercado cada vez mais exigente e sustent\u00e1vel.<\/p>\t\t\t\t\t\t\t\t<\/div>\n\t\t\t\t<\/div>\n\t\t\t\t\t<\/div>\n\t\t\t\t<\/div>\n\t\t\t\t\t<\/div>\n\t\t\t\t<\/div>\n\t\t\t\t<\/div>\n\t\t\n    <div class=\"xs_social_share_widget xs_share_url after_content \t\tmain_content  wslu-style-1 wslu-share-box-shaped wslu-fill-colored wslu-none wslu-share-horizontal wslu-theme-font-no wslu-main_content\">\n\n\t\t\n        <ul>\n\t\t\t        <\/ul>\n    <\/div> \n","protected":false},"excerpt":{"rendered":"<p>Produ\u00e7\u00e3o respons\u00e1vel desde a mat\u00e9ria-prima Da colheita \u00e0 industrializa\u00e7\u00e3o No Grupo Aralco, a produ\u00e7\u00e3o de cana-de-a\u00e7\u00facar e a valoriza\u00e7\u00e3o do baga\u00e7o n\u00e3o s\u00e3o apenas opera\u00e7\u00f5es agr\u00edcolas \u2014 s\u00e3o a base estrat\u00e9gica de nosso neg\u00f3cio.Da colheita \u00e0 industrializa\u00e7\u00e3o, passando pela transforma\u00e7\u00e3o da biomassa em energia renov\u00e1vel, geramos valor para toda a cadeia produtiva. Nossa gest\u00e3o integra tecnologia de ponta, pr\u00e1ticas sustent\u00e1veis e parcerias s\u00f3lidas para garantir mat\u00e9ria-prima de alta qualidade, seguran\u00e7a no fornecimento e m\u00e1xima efici\u00eancia operacional. Mais do que produzir, transformamos: a cana \u00e9 fonte de a\u00e7\u00facar, etanol e energia; o baga\u00e7o, um subproduto que refor\u00e7a nossa competitividade e compromisso com a bioeconomia. Guiados por essa vis\u00e3o, refor\u00e7amos o diferencial Aralco em um mercado cada vez mais exigente e sustent\u00e1vel.<\/p>\n","protected":false},"author":1,"featured_media":0,"parent":0,"menu_order":0,"comment_status":"closed","ping_status":"closed","template":"","meta":{"postBodyCss":"","postBodyMargin":[],"postBodyPadding":[],"postBodyBackground":{"backgroundType":"classic","gradient":""},"site-sidebar-layout":"no-sidebar","site-content-layout":"","ast-site-content-layout":"full-width-container","site-content-style":"default","site-sidebar-style":"default","ast-global-header-display":"","ast-banner-title-visibility":"","ast-main-header-display":"","ast-hfb-above-header-display":"","ast-hfb-below-header-display":"","ast-hfb-mobile-header-display":"","site-post-title":"","ast-breadcrumbs-content":"","ast-featured-img":"disabled","footer-sml-layout":"","theme-transparent-header-meta":"","adv-header-id-meta":"","stick-header-meta":"","header-above-stick-meta":"","header-main-stick-meta":"","header-below-stick-meta":"","astra-migrate-meta-layouts":"default","ast-page-background-enabled":"default","ast-page-background-meta":{"desktop":{"background-color":"var(--ast-global-color-5)","background-image":"","background-repeat":"repeat","background-position":"center center","background-size":"auto","background-attachment":"scroll","background-type":"","background-media":"","overlay-type":"","overlay-color":"","overlay-opacity":"","overlay-gradient":""},"tablet":{"background-color":"","background-image":"","background-repeat":"repeat","background-position":"center center","background-size":"auto","background-attachment":"scroll","background-type":"","background-media":"","overlay-type":"","overlay-color":"","overlay-opacity":"","overlay-gradient":""},"mobile":{"background-color":"","background-image":"","background-repeat":"repeat","background-position":"center center","background-size":"auto","background-attachment":"scroll","background-type":"","background-media":"","overlay-type":"","overlay-color":"","overlay-opacity":"","overlay-gradient":""}},"ast-content-background-meta":{"desktop":{"background-color":"var(--ast-global-color-4)","background-image":"","background-repeat":"repeat","background-position":"center center","background-size":"auto","background-attachment":"scroll","background-type":"","background-media":"","overlay-type":"","overlay-color":"","overlay-opacity":"","overlay-gradient":""},"tablet":{"background-color":"var(--ast-global-color-4)","background-image":"","background-repeat":"repeat","background-position":"center center","background-size":"auto","background-attachment":"scroll","background-type":"","background-media":"","overlay-type":"","overlay-color":"","overlay-opacity":"","overlay-gradient":""},"mobile":{"background-color":"var(--ast-global-color-4)","background-image":"","background-repeat":"repeat","background-position":"center center","background-size":"auto","background-attachment":"scroll","background-type":"","background-media":"","overlay-type":"","overlay-color":"","overlay-opacity":"","overlay-gradient":""}},"footnotes":""},"class_list":["post-67","page","type-page","status-publish","hentry"],"_links":{"self":[{"href":"https:\/\/novosite.aralco.com.br\/index.php?rest_route=\/wp\/v2\/pages\/67","targetHints":{"allow":["GET"]}}],"collection":[{"href":"https:\/\/novosite.aralco.com.br\/index.php?rest_route=\/wp\/v2\/pages"}],"about":[{"href":"https:\/\/novosite.aralco.com.br\/index.php?rest_route=\/wp\/v2\/types\/page"}],"author":[{"embeddable":true,"href":"https:\/\/novosite.aralco.com.br\/index.php?rest_route=\/wp\/v2\/users\/1"}],"replies":[{"embeddable":true,"href":"https:\/\/novosite.aralco.com.br\/index.php?rest_route=%2Fwp%2Fv2%2Fcomments&post=67"}],"version-history":[{"count":31,"href":"https:\/\/novosite.aralco.com.br\/index.php?rest_route=\/wp\/v2\/pages\/67\/revisions"}],"predecessor-version":[{"id":4490,"href":"https:\/\/novosite.aralco.com.br\/index.php?rest_route=\/wp\/v2\/pages\/67\/revisions\/4490"}],"wp:attachment":[{"href":"https:\/\/novosite.aralco.com.br\/index.php?rest_route=%2Fwp%2Fv2%2Fmedia&parent=67"}],"curies":[{"name":"wp","href":"https:\/\/api.w.org\/{rel}","templated":true}]}}