{"id":82,"date":"2025-11-19T05:25:11","date_gmt":"2025-11-19T05:25:11","guid":{"rendered":"https:\/\/novosite.aralco.com.br\/?page_id=82"},"modified":"2026-02-09T05:06:20","modified_gmt":"2026-02-09T08:06:20","slug":"saude-seguranca-e-meio-ambiente","status":"publish","type":"page","link":"https:\/\/novosite.aralco.com.br\/?page_id=82","title":{"rendered":"Sa\u00fade, Seguran\u00e7a e Meio Ambiente"},"content":{"rendered":"\t\t<div data-elementor-type=\"wp-page\" data-elementor-id=\"82\" class=\"elementor elementor-82\">\n\t\t\t\t<div class=\"elementor-element elementor-element-340553e00 e-flex e-con-boxed wpr-particle-no wpr-jarallax-no wpr-parallax-no wpr-sticky-section-no e-con e-parent\" data-id=\"340553e00\" data-element_type=\"container\" data-settings=\"{&quot;background_background&quot;:&quot;classic&quot;}\">\n\t\t\t\t\t<div class=\"e-con-inner\">\n\t\t\t\t<div class=\"elementor-element elementor-element-d9f6310 elementor-widget elementor-widget-heading\" data-id=\"d9f6310\" data-element_type=\"widget\" data-widget_type=\"heading.default\">\n\t\t\t\t<div class=\"elementor-widget-container\">\n\t\t\t\t\t<h2 class=\"elementor-heading-title elementor-size-default\">Sa\u00fade, Seguran\u00e7a  e Meio Ambiente<\/h2>\t\t\t\t<\/div>\n\t\t\t\t<\/div>\n\t\t\t\t\t<\/div>\n\t\t\t\t<\/div>\n\t\t<div class=\"elementor-element elementor-element-a76d558 e-flex e-con-boxed wpr-particle-no wpr-jarallax-no wpr-parallax-no wpr-sticky-section-no e-con e-parent\" data-id=\"a76d558\" data-element_type=\"container\">\n\t\t\t\t\t<div class=\"e-con-inner\">\n\t\t\t\t<div class=\"elementor-element elementor-element-bc204a0 elementor-widget elementor-widget-text-editor\" data-id=\"bc204a0\" data-element_type=\"widget\" data-widget_type=\"text-editor.default\">\n\t\t\t\t<div class=\"elementor-widget-container\">\n\t\t\t\t\t\t\t\t\t<p>Para n\u00f3s, sustentabilidade come\u00e7a pelas pessoas e se estende a cada \u00e1rea onde atuamos. Nossa gest\u00e3o integrada de <strong>Sa\u00fade, Seguran\u00e7a e Meio Ambiente (SSMA)<\/strong> \u00e9 guiada por pol\u00edticas e pr\u00e1ticas que garantem o bem-estar dos profissionais, a integridade dos processos e a preserva\u00e7\u00e3o dos recursos naturais.<\/p>\t\t\t\t\t\t\t\t<\/div>\n\t\t\t\t<\/div>\n\t\t\t\t\t<\/div>\n\t\t\t\t<\/div>\n\t\t\t\t<section class=\"elementor-section elementor-top-section elementor-element elementor-element-6b5b2c84 elementor-section-boxed elementor-section-height-default elementor-section-height-default wpr-particle-no wpr-jarallax-no wpr-parallax-no wpr-sticky-section-no\" data-id=\"6b5b2c84\" data-element_type=\"section\">\n\t\t\t\t\t\t<div class=\"elementor-container elementor-column-gap-wide\">\n\t\t\t\t\t<div class=\"elementor-column elementor-col-50 elementor-top-column elementor-element elementor-element-35d9e905\" data-id=\"35d9e905\" data-element_type=\"column\">\n\t\t\t<div class=\"elementor-widget-wrap elementor-element-populated\">\n\t\t\t\t\t\t<div class=\"elementor-element elementor-element-3e249523 elementor-widget elementor-widget-heading\" data-id=\"3e249523\" data-element_type=\"widget\" data-widget_type=\"heading.default\">\n\t\t\t\t<div class=\"elementor-widget-container\">\n\t\t\t\t\t<h2 class=\"elementor-heading-title elementor-size-default\">Seguran\u00e7a e bem-estar em primeiro lugar<\/h2>\t\t\t\t<\/div>\n\t\t\t\t<\/div>\n\t\t\t\t<div class=\"elementor-element elementor-element-309da40 elementor-widget elementor-widget-text-editor\" data-id=\"309da40\" data-element_type=\"widget\" data-widget_type=\"text-editor.default\">\n\t\t\t\t<div class=\"elementor-widget-container\">\n\t\t\t\t\t\t\t\t\t<p>Investimos continuamente em programas de preven\u00e7\u00e3o, capacita\u00e7\u00e3o e conscientiza\u00e7\u00e3o, com o objetivo de eliminar acidentes e preservar a integridade f\u00edsica e mental de nossos profissionais. Cada profissional \u00e9 parte ativa da constru\u00e7\u00e3o de um ambiente seguro, produtivo e respons\u00e1vel.<\/p>\t\t\t\t\t\t\t\t<\/div>\n\t\t\t\t<\/div>\n\t\t\t\t\t<\/div>\n\t\t<\/div>\n\t\t\t\t<div class=\"elementor-column elementor-col-50 elementor-top-column elementor-element elementor-element-35d80b55 elementor-hidden-tablet elementor-hidden-mobile\" data-id=\"35d80b55\" data-element_type=\"column\">\n\t\t\t<div class=\"elementor-widget-wrap elementor-element-populated\">\n\t\t\t\t\t\t<div class=\"elementor-element elementor-element-40e0713e elementor-widget elementor-widget-image\" data-id=\"40e0713e\" data-element_type=\"widget\" data-widget_type=\"image.default\">\n\t\t\t\t<div class=\"elementor-widget-container\">\n\t\t\t\t\t\t\t\t\t\t\t\t\t\t\t<img fetchpriority=\"high\" decoding=\"async\" width=\"743\" height=\"734\" src=\"https:\/\/novosite.aralco.com.br\/wp-content\/uploads\/2026\/01\/Seguranca-e-bem-estar-em-primeiro-lugar.jpg\" class=\"attachment-full size-full wp-image-4379\" alt=\"\" srcset=\"https:\/\/novosite.aralco.com.br\/wp-content\/uploads\/2026\/01\/Seguranca-e-bem-estar-em-primeiro-lugar.jpg 743w, https:\/\/novosite.aralco.com.br\/wp-content\/uploads\/2026\/01\/Seguranca-e-bem-estar-em-primeiro-lugar-300x296.jpg 300w\" sizes=\"(max-width: 743px) 100vw, 743px\" \/>\t\t\t\t\t\t\t\t\t\t\t\t\t\t\t<\/div>\n\t\t\t\t<\/div>\n\t\t\t\t\t<\/div>\n\t\t<\/div>\n\t\t\t\t\t<\/div>\n\t\t<\/section>\n\t\t\t\t<section class=\"elementor-section elementor-top-section elementor-element elementor-element-e837b49 elementor-section-boxed elementor-section-height-default elementor-section-height-default wpr-particle-no wpr-jarallax-no wpr-parallax-no wpr-sticky-section-no\" data-id=\"e837b49\" data-element_type=\"section\">\n\t\t\t\t\t\t<div class=\"elementor-container elementor-column-gap-wide\">\n\t\t\t\t\t<div class=\"elementor-column elementor-col-50 elementor-top-column elementor-element elementor-element-77ce831 elementor-hidden-tablet elementor-hidden-mobile\" data-id=\"77ce831\" data-element_type=\"column\">\n\t\t\t<div class=\"elementor-widget-wrap elementor-element-populated\">\n\t\t\t\t\t\t<div class=\"elementor-element elementor-element-2f0fef2 elementor-widget elementor-widget-image\" data-id=\"2f0fef2\" data-element_type=\"widget\" data-widget_type=\"image.default\">\n\t\t\t\t<div class=\"elementor-widget-container\">\n\t\t\t\t\t\t\t\t\t\t\t\t\t\t\t<img decoding=\"async\" width=\"1024\" height=\"1006\" src=\"https:\/\/novosite.aralco.com.br\/wp-content\/uploads\/2026\/01\/MOLDURA-DE-FOTOS-FEED-3-1024x1006.png\" class=\"attachment-large size-large wp-image-3123\" alt=\"\" srcset=\"https:\/\/novosite.aralco.com.br\/wp-content\/uploads\/2026\/01\/MOLDURA-DE-FOTOS-FEED-3-1024x1006.png 1024w, https:\/\/novosite.aralco.com.br\/wp-content\/uploads\/2026\/01\/MOLDURA-DE-FOTOS-FEED-3-300x295.png 300w, https:\/\/novosite.aralco.com.br\/wp-content\/uploads\/2026\/01\/MOLDURA-DE-FOTOS-FEED-3-768x755.png 768w, https:\/\/novosite.aralco.com.br\/wp-content\/uploads\/2026\/01\/MOLDURA-DE-FOTOS-FEED-3.png 1312w\" sizes=\"(max-width: 1024px) 100vw, 1024px\" \/>\t\t\t\t\t\t\t\t\t\t\t\t\t\t\t<\/div>\n\t\t\t\t<\/div>\n\t\t\t\t\t<\/div>\n\t\t<\/div>\n\t\t\t\t<div class=\"elementor-column elementor-col-50 elementor-top-column elementor-element elementor-element-692849f\" data-id=\"692849f\" data-element_type=\"column\">\n\t\t\t<div class=\"elementor-widget-wrap elementor-element-populated\">\n\t\t\t\t\t\t<div class=\"elementor-element elementor-element-36f8016 elementor-widget elementor-widget-heading\" data-id=\"36f8016\" data-element_type=\"widget\" data-widget_type=\"heading.default\">\n\t\t\t\t<div class=\"elementor-widget-container\">\n\t\t\t\t\t<h2 class=\"elementor-heading-title elementor-size-default\">Preven\u00e7\u00e3o e Combate a Inc\u00eandios<\/h2>\t\t\t\t<\/div>\n\t\t\t\t<\/div>\n\t\t\t\t<div class=\"elementor-element elementor-element-cbd8f32 elementor-widget elementor-widget-text-editor\" data-id=\"cbd8f32\" data-element_type=\"widget\" data-widget_type=\"text-editor.default\">\n\t\t\t\t<div class=\"elementor-widget-container\">\n\t\t\t\t\t\t\t\t\t<p>Durante a safra 2024\/2025, intensificamos a\u00e7\u00f5es de <strong>preven\u00e7\u00e3o e combate a inc\u00eandios<\/strong>, com foco em educa\u00e7\u00e3o, resposta r\u00e1pida e prote\u00e7\u00e3o ambiental \u2014 especialmente no per\u00edodo de estiagem.<br \/>Campanhas educativas foram promovidas com profissionais e comunidades, refor\u00e7ando o alerta sobre os riscos das queimadas e o descarte inadequado de res\u00edduos.<br \/>As unidades contam com <strong>brigadas pr\u00f3prias, caminh\u00f5es-pipa equipados e monitoramento via sat\u00e9lite<\/strong>, que identificam focos de calor e orientam as equipes em tempo real. Com tecnologia e coopera\u00e7\u00e3o, refor\u00e7amos o compromisso com a <strong>seguran\u00e7a das pessoas e a preserva\u00e7\u00e3o da biodiversidade<\/strong>.<\/p>\t\t\t\t\t\t\t\t<\/div>\n\t\t\t\t<\/div>\n\t\t\t\t\t<\/div>\n\t\t<\/div>\n\t\t\t\t\t<\/div>\n\t\t<\/section>\n\t\t\t\t<section class=\"elementor-section elementor-top-section elementor-element elementor-element-95c38bb elementor-section-boxed elementor-section-height-default elementor-section-height-default wpr-particle-no wpr-jarallax-no wpr-parallax-no wpr-sticky-section-no\" data-id=\"95c38bb\" data-element_type=\"section\">\n\t\t\t\t\t\t<div class=\"elementor-container elementor-column-gap-wide\">\n\t\t\t\t\t<div class=\"elementor-column elementor-col-50 elementor-top-column elementor-element elementor-element-b15ad30\" data-id=\"b15ad30\" data-element_type=\"column\">\n\t\t\t<div class=\"elementor-widget-wrap elementor-element-populated\">\n\t\t\t\t\t\t<div class=\"elementor-element elementor-element-7100eca elementor-widget elementor-widget-heading\" data-id=\"7100eca\" data-element_type=\"widget\" data-widget_type=\"heading.default\">\n\t\t\t\t<div class=\"elementor-widget-container\">\n\t\t\t\t\t<h2 class=\"elementor-heading-title elementor-size-default\">Educa\u00e7\u00e3o Ambiental e Engajamento Social<\/h2>\t\t\t\t<\/div>\n\t\t\t\t<\/div>\n\t\t\t\t<div class=\"elementor-element elementor-element-cf93221 elementor-widget elementor-widget-text-editor\" data-id=\"cf93221\" data-element_type=\"widget\" data-widget_type=\"text-editor.default\">\n\t\t\t\t<div class=\"elementor-widget-container\">\n\t\t\t\t\t\t\t\t\t<p>Nosso <strong>Programa de Educa\u00e7\u00e3o Ambiental<\/strong> aproxima jovens, crian\u00e7as e comunidades da nossa miss\u00e3o sustent\u00e1vel. Por meio de aulas, visitas \u00e0s unidades e atividades pr\u00e1ticas, promovemos o despertar da consci\u00eancia ecol\u00f3gica e a forma\u00e7\u00e3o de uma gera\u00e7\u00e3o mais informada e respons\u00e1vel.<\/p>\t\t\t\t\t\t\t\t<\/div>\n\t\t\t\t<\/div>\n\t\t\t\t\t<\/div>\n\t\t<\/div>\n\t\t\t\t<div class=\"elementor-column elementor-col-50 elementor-top-column elementor-element elementor-element-5406ddd elementor-hidden-tablet elementor-hidden-mobile\" data-id=\"5406ddd\" data-element_type=\"column\">\n\t\t\t<div class=\"elementor-widget-wrap elementor-element-populated\">\n\t\t\t\t\t\t<div class=\"elementor-element elementor-element-2d251d6 elementor-widget elementor-widget-image\" data-id=\"2d251d6\" data-element_type=\"widget\" data-widget_type=\"image.default\">\n\t\t\t\t<div class=\"elementor-widget-container\">\n\t\t\t\t\t\t\t\t\t\t\t\t\t\t\t<img decoding=\"async\" width=\"720\" height=\"1280\" src=\"https:\/\/novosite.aralco.com.br\/wp-content\/uploads\/2026\/01\/1df867f9-b21b-40e7-98c6-8e3c484fcd1c.jpg\" class=\"attachment-full size-full wp-image-2876\" alt=\"\" srcset=\"https:\/\/novosite.aralco.com.br\/wp-content\/uploads\/2026\/01\/1df867f9-b21b-40e7-98c6-8e3c484fcd1c.jpg 720w, https:\/\/novosite.aralco.com.br\/wp-content\/uploads\/2026\/01\/1df867f9-b21b-40e7-98c6-8e3c484fcd1c-169x300.jpg 169w, https:\/\/novosite.aralco.com.br\/wp-content\/uploads\/2026\/01\/1df867f9-b21b-40e7-98c6-8e3c484fcd1c-576x1024.jpg 576w\" sizes=\"(max-width: 720px) 100vw, 720px\" \/>\t\t\t\t\t\t\t\t\t\t\t\t\t\t\t<\/div>\n\t\t\t\t<\/div>\n\t\t\t\t\t<\/div>\n\t\t<\/div>\n\t\t\t\t\t<\/div>\n\t\t<\/section>\n\t\t\t\t<section class=\"elementor-section elementor-top-section elementor-element elementor-element-217b1d8e elementor-section-boxed elementor-section-height-default elementor-section-height-default wpr-particle-no wpr-parallax-no wpr-sticky-section-no\" data-id=\"217b1d8e\" data-element_type=\"section\" data-settings=\"{&quot;background_background&quot;:&quot;classic&quot;}\">\n\t\t\t\t\t\t\t<div class=\"elementor-background-overlay\"><\/div>\n\t\t\t\t\t\t\t<div class=\"elementor-container elementor-column-gap-default\">\n\t\t\t\t\t<div class=\"elementor-column elementor-col-100 elementor-top-column elementor-element elementor-element-581c14d3\" data-id=\"581c14d3\" data-element_type=\"column\">\n\t\t\t<div class=\"elementor-widget-wrap elementor-element-populated\">\n\t\t\t\t\t\t<div class=\"elementor-element elementor-element-60f9334d elementor-widget elementor-widget-heading\" data-id=\"60f9334d\" data-element_type=\"widget\" data-widget_type=\"heading.default\">\n\t\t\t\t<div class=\"elementor-widget-container\">\n\t\t\t\t\t<h2 class=\"elementor-heading-title elementor-size-default\">Viveiro e Restaura\u00e7\u00e3o Florestal<\/h2>\t\t\t\t<\/div>\n\t\t\t\t<\/div>\n\t\t\t\t<div class=\"elementor-element elementor-element-23d2d701 elementor-widget-divider--view-line elementor-widget elementor-widget-divider\" data-id=\"23d2d701\" data-element_type=\"widget\" data-widget_type=\"divider.default\">\n\t\t\t\t<div class=\"elementor-widget-container\">\n\t\t\t\t\t\t\t<div class=\"elementor-divider\">\n\t\t\t<span class=\"elementor-divider-separator\">\n\t\t\t\t\t\t<\/span>\n\t\t<\/div>\n\t\t\t\t\t\t<\/div>\n\t\t\t\t<\/div>\n\t\t\t\t<div class=\"elementor-element elementor-element-73aa9940 elementor-widget__width-initial elementor-widget elementor-widget-text-editor\" data-id=\"73aa9940\" data-element_type=\"widget\" data-widget_type=\"text-editor.default\">\n\t\t\t\t<div class=\"elementor-widget-container\">\n\t\t\t\t\t\t\t\t\t<p>Mantemos um <strong>viveiro com capacidade anual de 30 mil mudas nativas<\/strong>, destinadas \u00e0 recupera\u00e7\u00e3o de \u00c1reas de Preserva\u00e7\u00e3o Permanente (APPs) e \u00e0 restaura\u00e7\u00e3o de biomas como a <strong>Mata Atl\u00e2ntica e o Cerrado<\/strong>. Parte das mudas \u00e9 doada a institui\u00e7\u00f5es e parceiros locais, ampliando o impacto positivo da iniciativa.<\/p>\t\t\t\t\t\t\t\t<\/div>\n\t\t\t\t<\/div>\n\t\t\t\t\t<\/div>\n\t\t<\/div>\n\t\t\t\t\t<\/div>\n\t\t<\/section>\n\t\t\t\t<\/div>\n\t\t\n    <div class=\"xs_social_share_widget xs_share_url after_content \t\tmain_content  wslu-style-1 wslu-share-box-shaped wslu-fill-colored wslu-none wslu-share-horizontal wslu-theme-font-no wslu-main_content\">\n\n\t\t\n        <ul>\n\t\t\t        <\/ul>\n    <\/div> \n","protected":false},"excerpt":{"rendered":"<p>Sa\u00fade, Seguran\u00e7a e Meio Ambiente Para n\u00f3s, sustentabilidade come\u00e7a pelas pessoas e se estende a cada \u00e1rea onde atuamos. Nossa gest\u00e3o integrada de Sa\u00fade, Seguran\u00e7a e Meio Ambiente (SSMA) \u00e9 guiada por pol\u00edticas e pr\u00e1ticas que garantem o bem-estar dos profissionais, a integridade dos processos e a preserva\u00e7\u00e3o dos recursos naturais. Seguran\u00e7a e bem-estar em primeiro lugar Investimos continuamente em programas de preven\u00e7\u00e3o, capacita\u00e7\u00e3o e conscientiza\u00e7\u00e3o, com o objetivo de eliminar acidentes e preservar a integridade f\u00edsica e mental de nossos profissionais. Cada profissional \u00e9 parte ativa da constru\u00e7\u00e3o de um ambiente seguro, produtivo e respons\u00e1vel. Preven\u00e7\u00e3o e Combate a Inc\u00eandios Durante a safra 2024\/2025, intensificamos a\u00e7\u00f5es de preven\u00e7\u00e3o e combate a inc\u00eandios, com foco em educa\u00e7\u00e3o, resposta r\u00e1pida e prote\u00e7\u00e3o ambiental \u2014 especialmente no per\u00edodo de estiagem.Campanhas educativas foram promovidas com profissionais e comunidades, refor\u00e7ando o alerta sobre os riscos das queimadas e o descarte inadequado de res\u00edduos.As unidades contam com brigadas pr\u00f3prias, caminh\u00f5es-pipa equipados e monitoramento via sat\u00e9lite, que identificam focos de calor e orientam as equipes em tempo real. Com tecnologia e coopera\u00e7\u00e3o, refor\u00e7amos o compromisso com a seguran\u00e7a das pessoas e a preserva\u00e7\u00e3o da biodiversidade. Educa\u00e7\u00e3o Ambiental e Engajamento Social Nosso Programa de Educa\u00e7\u00e3o Ambiental aproxima jovens, crian\u00e7as e comunidades da nossa miss\u00e3o sustent\u00e1vel. Por meio de aulas, visitas \u00e0s unidades e atividades pr\u00e1ticas, promovemos o despertar da consci\u00eancia ecol\u00f3gica e a forma\u00e7\u00e3o de uma gera\u00e7\u00e3o mais informada e respons\u00e1vel. Viveiro e Restaura\u00e7\u00e3o Florestal Mantemos um viveiro com capacidade anual de 30 mil mudas nativas, destinadas \u00e0 recupera\u00e7\u00e3o de \u00c1reas de Preserva\u00e7\u00e3o Permanente (APPs) e \u00e0 restaura\u00e7\u00e3o de biomas como a Mata Atl\u00e2ntica e o Cerrado. Parte das mudas \u00e9 doada a institui\u00e7\u00f5es e parceiros locais, ampliando o impacto positivo da iniciativa.<\/p>\n","protected":false},"author":1,"featured_media":0,"parent":0,"menu_order":0,"comment_status":"closed","ping_status":"closed","template":"","meta":{"postBodyCss":"","postBodyMargin":[],"postBodyPadding":[],"postBodyBackground":{"backgroundType":"classic","gradient":""},"site-sidebar-layout":"no-sidebar","site-content-layout":"","ast-site-content-layout":"full-width-container","site-content-style":"default","site-sidebar-style":"default","ast-global-header-display":"","ast-banner-title-visibility":"","ast-main-header-display":"","ast-hfb-above-header-display":"","ast-hfb-below-header-display":"","ast-hfb-mobile-header-display":"","site-post-title":"","ast-breadcrumbs-content":"","ast-featured-img":"disabled","footer-sml-layout":"","theme-transparent-header-meta":"","adv-header-id-meta":"","stick-header-meta":"","header-above-stick-meta":"","header-main-stick-meta":"","header-below-stick-meta":"","astra-migrate-meta-layouts":"default","ast-page-background-enabled":"default","ast-page-background-meta":{"desktop":{"background-color":"var(--ast-global-color-5)","background-image":"","background-repeat":"repeat","background-position":"center center","background-size":"auto","background-attachment":"scroll","background-type":"","background-media":"","overlay-type":"","overlay-color":"","overlay-opacity":"","overlay-gradient":""},"tablet":{"background-color":"","background-image":"","background-repeat":"repeat","background-position":"center center","background-size":"auto","background-attachment":"scroll","background-type":"","background-media":"","overlay-type":"","overlay-color":"","overlay-opacity":"","overlay-gradient":""},"mobile":{"background-color":"","background-image":"","background-repeat":"repeat","background-position":"center center","background-size":"auto","background-attachment":"scroll","background-type":"","background-media":"","overlay-type":"","overlay-color":"","overlay-opacity":"","overlay-gradient":""}},"ast-content-background-meta":{"desktop":{"background-color":"var(--ast-global-color-4)","background-image":"","background-repeat":"repeat","background-position":"center center","background-size":"auto","background-attachment":"scroll","background-type":"","background-media":"","overlay-type":"","overlay-color":"","overlay-opacity":"","overlay-gradient":""},"tablet":{"background-color":"var(--ast-global-color-4)","background-image":"","background-repeat":"repeat","background-position":"center center","background-size":"auto","background-attachment":"scroll","background-type":"","background-media":"","overlay-type":"","overlay-color":"","overlay-opacity":"","overlay-gradient":""},"mobile":{"background-color":"var(--ast-global-color-4)","background-image":"","background-repeat":"repeat","background-position":"center center","background-size":"auto","background-attachment":"scroll","background-type":"","background-media":"","overlay-type":"","overlay-color":"","overlay-opacity":"","overlay-gradient":""}},"footnotes":""},"class_list":["post-82","page","type-page","status-publish","hentry"],"_links":{"self":[{"href":"https:\/\/novosite.aralco.com.br\/index.php?rest_route=\/wp\/v2\/pages\/82","targetHints":{"allow":["GET"]}}],"collection":[{"href":"https:\/\/novosite.aralco.com.br\/index.php?rest_route=\/wp\/v2\/pages"}],"about":[{"href":"https:\/\/novosite.aralco.com.br\/index.php?rest_route=\/wp\/v2\/types\/page"}],"author":[{"embeddable":true,"href":"https:\/\/novosite.aralco.com.br\/index.php?rest_route=\/wp\/v2\/users\/1"}],"replies":[{"embeddable":true,"href":"https:\/\/novosite.aralco.com.br\/index.php?rest_route=%2Fwp%2Fv2%2Fcomments&post=82"}],"version-history":[{"count":43,"href":"https:\/\/novosite.aralco.com.br\/index.php?rest_route=\/wp\/v2\/pages\/82\/revisions"}],"predecessor-version":[{"id":4532,"href":"https:\/\/novosite.aralco.com.br\/index.php?rest_route=\/wp\/v2\/pages\/82\/revisions\/4532"}],"wp:attachment":[{"href":"https:\/\/novosite.aralco.com.br\/index.php?rest_route=%2Fwp%2Fv2%2Fmedia&parent=82"}],"curies":[{"name":"wp","href":"https:\/\/api.w.org\/{rel}","templated":true}]}}